 multiple of 10?
True
Is 21408 a multiple of 16?
True
Does 8 divide 1264?
True
Is 3432 a multiple of 44?
True
Is 40 a factor of 1200?
True
Is 46 a multiple of 2?
True
Does 53 divide 780?
False
Is 27 a factor of 594?
True
Does 7 divide 1911?
True
Is 3167 a multiple of 62?
False
Does 4 divide 260?
True
Is 15 a factor of 225?
True
Does 37 divide 1595?
False
Is 23 a factor of 713?
True
Is 19 a factor of 19551?
True
Is 3 a factor of 4997?
False
Is 2938 a multiple of 226?
True
Is 41 a factor of 3722?
False
Is 95 a factor of 45600?
True
Is 1629 a multiple of 5?
False
Is 64 a factor of 2153?
False
Does 79 divide 5928?
False
Is 1131 a multiple of 13?
True
Does 2 divide 693?
False
Is 46 a factor of 23532?
False
Does 8 divide 226?
False
Does 127 divide 7142?
False
Does 49 divide 588?
True
Does 30 divide 16920?
True
Is 14 a factor of 3724?
True
Does 13 divide 1274?
True
Does 9 divide 1946?
False
Does 208 divide 11062?
False
Is 62 a factor of 23663?
False
Does 95 divide 24795?
True
Does 22 divide 2028?
False
Is 134 a factor of 24656?
True
Does 111 divide 8547?
True
Is 44 a factor of 2948?
True
Is 19596 a multiple of 71?
True
Is 93132 a multiple of 26?
True
Is 541 a multiple of 13?
False
Is 142 a factor of 9940?
True
Is 14 a factor of 345?
False
Is 17 a factor of 11338?
False
Does 96 divide 27264?
True
Does 120 divide 7303?
False
Is 6 a factor of 12663?
False
Does 57 divide 1710?
True
Does 2 divide 133?
False
Is 3403 a multiple of 100?
False
Is 15 a multiple of 3?
True
Is 60 a factor of 19770?
False
Does 21 divide 210?
True
Is 424 a multiple of 6?
False
Is 965 a multiple of 27?
False
Does 15 divide 1860?
True
Is 4841 a multiple of 19?
False
Is 26 a factor of 13369?
False
Is 4 a factor of 412?
True
Is 17 a factor of 9668?
False
Is 11334 a multiple of 102?
False
Is 1892 a multiple of 22?
True
Is 2830 a multiple of 2?
True
Is 49 a factor of 637?
True
Does 100 divide 3300?
True
Is 986 a multiple of 20?
False
Does 20 divide 12080?
True
Is 70 a factor of 68284?
False
Is 18 a factor of 1746?
True
Is 2 a factor of 331?
False
Is 142 a factor of 42458?
True
Is 13 a factor of 39?
True
Is 10049 a multiple of 34?
False
Is 3906 a multiple of 6?
True
Is 135 a factor of 326?
False
Is 265 a factor of 15873?
False
Does 199 divide 40198?
True
Is 189 even?
False
Does 15 divide 1530?
True
Is 12 a factor of 262?
False
Does 49 divide 69?
False
Is 3192 a multiple of 5?
False
Is 12 a factor of 6696?
True
Is 62 a factor of 7898?
False
Is 2914 a multiple of 62?
True
Is 54000 a multiple of 225?
True
Is 31 a factor of 1754?
False
Does 34 divide 1820?
False
Does 26 divide 898?
False
Does 83 divide 498?
True
Is 41 a factor of 4633?
True
Does 108 divide 40068?
True
Does 14 divide 3654?
True
Is 774 a multiple of 6?
True
Is 2 even?
True
Is 1073 a multiple of 55?
False
Is 6767 a multiple of 20?
False
Is 36 a factor of 30888?
True
Does 38 divide 76?
True
Is 58 a multiple of 29?
True
Does 9 divide 2058?
False
Does 47 divide 80649?
False
Is 3729 a multiple of 113?
True
Does 11 divide 4862?
True
Is 22 a factor of 814?
True
Does 34 divide 374?
True
Is 9230 a multiple of 10?
True
Is 12756 a multiple of 236?
False
Is 16 a factor of 1676?
False
Does 3 divide 237?
True
Does 9 divide 1467?
True
Is 624 a multiple of 24?
True
Is 3 a factor of 116?
False
Is 22 a multiple of 11?
True
Is 30 a factor of 877?
False
Does 45 divide 1948?
False
Is 1132 a multiple of 30?
False
Does 17 divide 782?
True
Is 64 a factor of 7360?
True
Is 73208 a multiple of 27?
False
Does 8 divide 31?
False
Is 828 a multiple of 11?
False
Is 8 a factor of 30064?
True
Is 10 a factor of 2870?
True
Is 100 a factor of 1815?
False
Is 104167 a multiple of 23?
True
Does 51 divide 5967?
True
Is 5241 a multiple of 45?
False
Does 3 divide 2622?
True
Is 12302 a multiple of 17?
False
Is 4367 a multiple of 86?
False
Is 348 a multiple of 29?
True
Does 34 divide 1292?
True
Is 6 a factor of 198?
True
Is 1833 a multiple of 13?
True
Is 52704 a multiple of 27?
True
Does 10 divide 1189?
False
Is 12 a factor of 1744?
False
Is 9720 a multiple of 108?
True
Is 28779 a multiple of 86?
False
Does 45 divide 16335?
True
Does 215 divide 11610?
True
Is 68 a factor of 257?
False
Does 211 divide 69857?
False
Is 44 a multiple of 22?
True
Is 18 a factor of 1664?
False
Is 80 a factor of 4800?
True
Is 9 a factor of 77?
False
Does 13 divide 7315?
False
Does 3 divide 108?
True
Is 16 a factor of 94352?
True
Is 1157 a multiple of 13?
True
Is 47190 a multiple of 10?
True
Is 59212 a multiple of 262?
True
Is 43 a factor of 28254?
False
Does 96 divide 288?
True
Is 25475 a multiple of 37?
False
Does 14 divide 19210?
False
Does 12 divide 25228?
False
Is 2475 a multiple of 71?
False
Is 129 a factor of 5645?
False
Does 28 divide 3029?
False
Does 10 divide 610?
True
Is 7052 a multiple of 41?
True
Is 27 a factor of 72797?
False
Is 104 a factor of 1768?
True
Does 21 divide 36914?
False
Is 161700 a multiple of 77?
True
Is 45 a factor of 37755?
True
Does 50 divide 29197?
False
Is 29 a factor of 8121?
False
Is 728 a multiple of 14?
True
Is 5 a factor of 712?
False
Does 62 divide 186?
True
Does 12 divide 53?
False
Is 27693 a multiple of 114?
False
Is 18 a factor of 374?
False
Is 13 a factor of 7514?
True
Is 12630 a multiple of 10?
True
Is 217 a multiple of 7?
True
Is 22 a factor of 26522?
False
Does 7 divide 1064?
True
Is 7 a factor of 5607?
True
Is 68 even?
True
Does 12 divide 2811?
False
Is 17200 a multiple of 25?
True
Is 608 a multiple of 16?
True
Does 26 divide 2814?
False
Does 36 divide 3897?
False
Does 17 divide 6256?
True
Does 22 divide 73568?
True
Is 880 a multiple of 33?
False
Is 9626 a multiple of 32?
False
Is 19 a factor of 2755?
True
Is 534 a multiple of 2?
True
Does 4 divide 979?
False
Is 27 a factor of 651?
False
Is 96 a multiple of 16?
True
Does 26 divide 7924?
False
Is 1484 a multiple of 13?
False
Does 15 divide 103313?
False
Is 2 a factor of 5081?
False
Does 47 divide 9848?
False
Is 23726 a multiple of 6?
False
Is 89 a multiple of 38?
False
Does 215 divide 6235?
True
Is 141348 a multiple of 12?
True
Is 10 a factor of 87728?
False
Is 26 a factor of 1515?
False
Does 30 divide 2375?
False
Is 59 a multiple of 41?
False
Is 6 a factor of 882?
True
Is 219 a multiple of 6?
False
Is 4 a factor of 97?
False
Is 153 a multiple of 9?
True
Does 44 divide 116493?
False
Is 270 a multiple of 16?
False
Is 9966 a multiple of 33?
True
Is 17 a factor of 782?
True
Is 88 a multiple of 2?
True
Is 100 a factor of 1300?
True
Is 50 a factor of 197?
False
Does 3 divide 90?
True
Does 45 divide 80?
False
Is 212 a factor of 45156?
True
Does 3 divide 261?
True
Is 6 a factor of 145?
False
Is 15 a factor of 7586?
False
Does 10 divide 2878?
False
Is 137 a factor of 50005?
True
Is 11 a factor of 272?
False
Does 10 divide 1910?
True
Is 35 a factor of 18410?
True
Is 2689 a multiple of 94?
False
Is 14399 a multiple of 17?
True
Is 20 a factor of 42580?
True
Does 82 divide 62484?
True
Is 14143 a multiple of 4?
False
Is 16 a factor of 19968?
True
Is 5 a factor of 886?
False
Is 2 a factor of 27?
False
Does 97 divide 388?
True
Is 380 a multiple of 5?
True
Is 16 a factor of 40928?
True
Is 345 a multiple of 15?
True
Is 112 a factor of 159891?
False
Is 6 a factor of 12462?
True
Is 28 a factor of 2632?
True
Is 21072 a multiple of 9?
False
Does 40 divide 5703?
False
Is 16 a factor of 6528?
True
Does 27 divide 4342?
False
Does 29 divide 116?
True
Is 81 a factor of 1458?
True
Is 63 a factor of 328?
False
Is 1429 a multiple of 6?
False
Does 18 divide 342?
True
Is 144 a multiple of 8?
True
Is 7038 a multiple of 46?
True
Is 24 a multiple of 3?
True
Is 23 a factor of 2783?
True
Is 138 a factor of 10626?
True
Is 213 a factor of 10224?
True
Does 10 divide 1710?
True
Is 17 a factor of 21709?
True
Is 10 a factor of 442?
False
Is 46 a factor of 68310?
True
Is 1317 a multiple of 124?
False
Is 41454 a multiple of 282?
True
Does 11 divide 98743?
False
Is 15 a factor of 886?
False
Does 9 divide 486?
True
Is 3 a factor of 1031?
False
Does 2 divide 1434?
True
Does 41 divide 697?
True
Is 2050 a multiple of 25?
True
Is 14 a factor of 20685?
False
Is 28375 a multiple of 8?
False
Is 2945 a multiple of 15?
False
Does 24 divide 59400?
True
Is 130 a multiple of 11?
False
Is 73080 a multiple of 420?
True
Is 907 a multiple of 6?
False
Is 44